MONTHLY CLIMATOLOGICAL SUMMARY for Juni 2011 CITY: Mannheim-Seckenheim ELEV: 96 m LAT: 49° 28' 7" LONG: 8° 33' 26" TEMPERATURE (°C), BAROMETER (hPa), RAIN (l/m²), WIND SPEED (km/h) MEAN TEMPERATURE WIND DOM DAY TEMP HIGH TIME LOW TIME HUM Baro Rain SPEED HIGH TIME DIR -------------------------------------------------------------------------------------------------------------- 1 12.5 13.5 20:25 11.8 06:15 83 1024.1 4.0 13.8 25.7 06:20 N 2 18.9 25.0 16:30 13.1 00:00 55 1027.0 0.0 13.6 27.4 15:50 NO 3 22.1 28.6 16:05 14.5 04:55 48 1023.5 0.0 15.1 29.0 17:50 NO 4 24.8 29.9 16:30 20.3 05:10 55 1014.0 0.2 11.4 20.9 16:45 NO 5 22.9 28.6 14:15 17.3 06:10 71 1006.4 0.0 6.9 22.5 15:15 SW 6 19.4 22.4 10:45 16.2 05:40 84 1004.1 6.2 6.9 33.8 12:30 S 7 21.4 28.1 16:35 15.6 03:35 70 1003.4 0.0 4.3 12.9 15:00 O-NO 8 16.7 22.6 00:05 13.7 11:20 82 1005.5 14.2 9.5 38.6 00:40 SW 9 16.4 19.5 14:00 13.9 00:50 68 1014.1 0.0 5.9 16.1 14:15 SW 10 18.4 23.2 16:15 13.7 06:10 61 1014.3 0.0 6.1 16.1 13:40 SW 11 17.4 22.2 17:20 13.4 08:25 61 1015.9 0.4 8.1 22.5 19:00 W 12 18.5 24.0 15:35 12.2 06:40 56 1017.3 0.0 5.3 17.7 15:35 SW 13 18.6 22.3 16:10 15.0 07:45 66 1016.0 0.4 5.7 22.5 13:35 SW 14 19.3 23.8 13:40 16.7 07:00 80 1016.8 2.0 5.0 16.1 13:45 SW 15 21.0 26.9 16:10 15.3 05:00 76 1016.3 0.2 5.4 16.1 16:15 SW 16 19.7 25.1 11:00 16.8 23:25 79 1013.3 1.8 9.2 30.6 16:05 SW 17 19.3 24.6 15:45 13.7 05:35 71 1012.2 1.8 6.9 24.1 21:20 SW 18 16.4 19.1 12:25 13.8 23:55 78 1007.1 4.8 15.1 33.8 09:40 SW 19 15.3 19.1 17:35 12.2 04:30 71 1012.4 1.0 19.6 40.2 13:45 SW 20 15.5 18.7 18:50 10.8 05:35 83 1015.4 1.8 8.2 22.5 15:45 SW 21 20.2 25.8 14:05 15.6 04:40 80 1014.4 0.4 7.3 30.6 14:15 SW 22 20.1 27.3 13:10 16.5 23:55 83 1013.0 8.0 9.2 41.8 14:30 SW 23 17.3 23.2 15:10 13.9 23:15 77 1016.5 1.0 11.2 30.6 12:40 SW 24 16.2 21.0 13:40 12.2 06:05 66 1021.2 0.0 10.7 30.6 10:40 W 25 16.4 19.7 15:05 13.2 05:20 73 1024.3 0.0 5.5 22.5 15:15 SW 26 21.8 27.4 18:25 17.2 04:05 68 1022.2 0.0 5.9 16.1 15:25 NO 27 25.3 33.6 17:35 15.6 05:35 60 1017.5 0.0 6.3 20.9 12:35 O 28 27.8 34.7 17:35 19.7 06:10 48 1013.8 0.0 6.5 16.1 11:50 O 29 22.4 26.1 08:35 16.4 23:35 73 1014.2 2.0 10.4 25.7 09:10 W 30 18.2 21.9 15:45 14.9 07:40 63 1019.8 3.4 12.4 29.0 10:40 NW -------------------------------------------------------------------------------------------------------------- Avg: 19.3 34.7 28 10.8 20 69 1015.2 53.6 8.9 41.8 22 SW Distribution WD Values 5882 Distribution WD N-NO 4.743% Distribution WD NO 11.425% Distribution WD NO-O 4.386% Distribution WD O 5.304% Distribution WD O-SO 1.700% Distribution WD SO 2.397% Distribution WD SO-S 3.961% Distribution WD S 5.083% Distribution WD S-SW 7.174% Distribution WD SW 20.078% Distribution WD SW-W 9.062% Distribution WD W 10.626% Distribution WD W-NW 2.975% Distribution WD NW 3.264% Distribution WD NW-N 2.448% Distribution WD N 5.372% Rain days >0.0 l/m² Month 18 Rain days >2.0 l/m² Month 7 Rain days >20.0 l/m² Month 0 Ice days max < 0°C 0 Cold days min <= 0°C 0 Cool days max < 10°C 0 Summer days max >=25°C 13 Hot days max >=30°C 2 Last year same Month: Ice days max < 0°C 0 Last year same Month: Cold days min <= 0°C 0 Last year same Month: Cool days max < 10°C 0 Last year same Month: Summer days max >=25°C 15 Last year same Month: Hot days max >=30°C 6 © 1999-2020 Werner Krenn - Wetterstation Bedien- und Auswertesoftware - V2.99.8.8