MONTHLY CLIMATOLOGICAL SUMMARY for Februar 2016 CITY: Mannheim-Seckenheim ELEV: 96 m LAT: 49° 28' 7" LONG: 8° 33' 26" TEMPERATURE (°C), BAROMETER (hPa), RAIN (l/m²), WIND SPEED (km/h) MEAN TEMPERATURE WIND DOM DAY TEMP HIGH TIME LOW TIME HUM Baro Rain SPEED HIGH TIME DIR -------------------------------------------------------------------------------------------------------------- 1 12.8 13.7 05:35 11.3 23:10 81 1019.7 0.0 19.9 40.2 10:55 W-SW 2 11.1 13.1 13:50 7.3 23:15 83 1018.4 3.8 20.9 38.6 20:40 SW 3 5.8 8.2 12:45 3.3 19:30 86 1019.1 3.0 9.7 24.1 14:05 SW 4 4.8 6.7 22:30 3.7 08:15 89 1023.8 4.2 12.6 33.8 15:55 SW 5 7.2 10.6 14:40 5.0 06:35 92 1025.3 0.4 3.9 16.1 14:45 SW 6 7.4 13.4 15:30 3.9 04:10 85 1014.3 0.2 5.6 20.9 09:45 S-SO 7 7.7 9.6 15:35 6.0 23:45 83 1004.9 1.2 10.1 24.1 19:15 SW 8 8.1 11.6 12:05 5.5 02:20 82 1002.1 13.2 22.1 59.5 17:45 SW 9 8.5 11.8 16:10 5.9 23:10 84 994.7 10.8 18.0 48.3 15:05 SW 10 4.3 5.9 00:00 2.8 05:15 88 997.2 0.6 16.3 33.8 10:55 SW 11 4.9 7.1 15:50 4.0 05:20 87 1005.6 1.6 9.9 22.5 08:45 SW 12 4.3 8.1 14:40 1.2 04:35 82 999.7 0.0 5.5 19.3 13:25 O 13 4.8 7.3 20:40 1.7 05:25 89 989.3 3.8 5.9 19.3 19:20 O-SO 14 7.3 8.3 11:25 5.9 23:40 84 988.7 0.6 11.4 27.4 00:30 SW 15 4.5 5.9 00:00 2.9 23:15 88 1011.0 0.2 8.9 19.3 17:35 N 16 2.2 3.7 13:50 -0.1 23:55 80 1031.8 0.0 13.3 25.7 13:30 N-NO 17 2.3 3.8 13:15 -0.4 01:20 82 1020.5 0.0 5.5 22.5 03:20 NO 18 3.5 7.4 14:05 0.2 22:45 80 1015.5 0.0 4.7 19.3 12:50 S-SW 19 2.8 5.3 16:25 0.4 00:00 88 1020.2 0.0 4.7 19.3 15:30 SW 20 4.8 9.8 23:55 1.1 01:00 92 1017.6 3.4 17.3 35.4 17:30 SW 21 11.5 12.6 15:20 9.8 00:00 89 1015.1 0.6 20.8 38.6 12:50 SW 22 11.7 13.5 15:30 10.7 23:50 75 1010.3 0.0 24.5 38.6 11:45 W-SW 23 3.4 10.7 00:00 1.0 09:55 94 1012.5 21.0 5.6 24.1 00:00 N-NO 24 3.2 7.1 16:10 0.8 06:50 87 1016.9 0.2 1.7 9.7 13:05 SO 25 3.1 7.1 13:40 -0.8 23:50 75 1012.7 0.0 6.1 19.3 11:20 N-NO 26 1.7 6.9 14:20 -3.1 07:40 75 1012.1 0.0 4.2 14.5 21:40 O-NO 27 3.8 9.3 15:10 -1.3 07:55 67 1006.0 0.0 8.1 17.7 00:45 O-NO 28 3.5 6.4 16:00 0.4 05:55 73 1010.6 0.0 12.0 22.5 12:35 N 29 4.0 5.6 13:30 2.7 21:25 74 1015.7 0.0 17.7 37.0 12:35 N-NO -------------------------------------------------------------------------------------------------------------- Avg: 5.7 13.7 1 -3.1 26 83 1011.4 68.8 11.3 59.5 8 SW Distribution WD Values 5709 Distribution WD N-NO 9.161% Distribution WD NO 6.849% Distribution WD NO-O 3.941% Distribution WD O 2.032% Distribution WD O-SO 2.207% Distribution WD SO 2.435% Distribution WD SO-S 4.379% Distribution WD S 5.588% Distribution WD S-SW 7.514% Distribution WD SW 29.147% Distribution WD SW-W 12.944% Distribution WD W 4.432% Distribution WD W-NW 0.490% Distribution WD NW 0.858% Distribution WD NW-N 0.648% Distribution WD N 7.374% Rain days >0.0 l/m² Month 17 Rain days >2.0 l/m² Month 8 Rain days >20.0 l/m² Month 1 Ice days max < 0°C 0 Cold days min <= 0°C 5 Cool days max < 10°C 20 Summer days max >=25°C 0 Hot days max >=30°C 0 Last year same Month: Ice days max < 0°C 0 Last year same Month: Cold days min <= 0°C 13 Last year same Month: Cool days max < 10°C 26 Last year same Month: Summer days max >=25°C 0 Last year same Month: Hot days max >=30°C 0 © 1999-2020 Werner Krenn - Wetterstation Bedien- und Auswertesoftware - V2.99.8.8