MONTHLY CLIMATOLOGICAL SUMMARY for März 2016 CITY: Mannheim-Seckenheim ELEV: 96 m LAT: 49° 28' 7" LONG: 8° 33' 26" TEMPERATURE (°C), BAROMETER (hPa), RAIN (l/m²), WIND SPEED (km/h) MEAN TEMPERATURE WIND DOM DAY TEMP HIGH TIME LOW TIME HUM Baro Rain SPEED HIGH TIME DIR -------------------------------------------------------------------------------------------------------------- 1 4.1 9.1 14:10 -0.2 08:15 70 1018.9 3.2 10.3 27.4 14:35 SW 2 5.6 8.3 12:30 3.0 00:00 89 1003.9 1.2 15.5 30.6 12:55 SW 3 3.6 4.9 11:40 2.2 07:50 91 1002.3 2.2 7.5 20.9 01:35 SW 4 4.4 7.5 14:15 1.0 06:25 87 999.7 2.6 10.7 30.6 14:55 O-SO 5 6.3 7.9 12:10 2.9 23:20 90 994.6 3.0 4.9 17.7 07:50 S-SO 6 3.8 5.6 14:55 1.9 01:35 90 1000.2 0.8 11.0 24.1 13:55 SW 7 3.7 7.6 14:30 1.6 07:55 86 1003.9 4.2 7.3 17.7 00:00 S-SW 8 2.8 6.0 15:20 0.9 22:20 89 1014.1 0.2 4.4 12.9 08:30 N-NO 9 3.0 9.2 13:55 -1.5 07:15 80 1009.8 0.2 7.4 25.7 17:35 O 10 3.8 10.7 15:05 -2.2 06:35 77 1015.7 0.0 4.4 14.5 16:05 N-NW 11 5.8 11.2 15:20 0.2 07:20 74 1023.8 0.0 7.8 20.9 12:55 O-NO 12 5.7 10.8 14:40 2.0 07:05 70 1026.9 0.0 9.4 22.5 16:20 NO 13 6.8 11.2 15:50 3.6 06:45 72 1029.0 0.0 14.9 30.6 14:50 NO 14 6.2 11.6 14:25 1.9 06:40 63 1028.5 0.0 12.2 29.0 03:55 NO 15 4.3 7.1 11:40 0.7 05:40 78 1024.0 1.8 8.1 25.7 13:25 NO 16 6.1 9.7 15:40 3.2 04:55 66 1023.8 0.0 18.9 40.2 15:40 O-NO 17 7.0 14.5 16:00 1.7 04:15 65 1024.4 0.0 5.7 14.5 00:20 NO 18 7.3 15.2 15:35 -0.2 07:00 67 1019.6 0.0 4.9 14.5 13:30 N-NO 19 5.7 7.6 15:15 3.1 02:05 79 1020.0 0.0 6.3 14.5 01:10 N-NO 20 6.0 6.7 13:10 5.2 06:20 76 1018.8 0.0 5.1 16.1 13:50 N-NO 21 7.2 10.4 16:00 4.9 05:50 79 1017.5 0.6 3.6 19.3 17:05 N-NW 22 8.6 12.5 13:35 5.2 05:25 69 1012.8 0.0 5.9 19.3 13:40 N-NO 23 8.7 11.6 15:45 5.3 23:55 73 1009.4 0.0 9.4 22.5 14:50 N-NO 24 8.1 12.3 13:15 3.9 00:45 69 1013.8 0.0 4.9 17.7 16:55 W 25 7.4 8.3 15:10 6.1 23:55 88 1014.0 9.8 6.8 19.3 15:30 SW 26 9.5 15.3 15:50 3.1 06:20 80 1016.8 0.0 6.2 19.3 12:10 SW 27 10.5 13.3 17:40 7.2 23:10 70 1010.6 0.2 11.0 30.6 12:45 SW 28 9.1 14.9 15:15 5.5 05:05 78 1005.3 4.2 13.3 49.9 17:50 S-SO 29 9.9 13.9 16:20 6.9 08:10 74 1009.5 0.6 14.9 35.4 01:15 SW 30 10.0 12.5 15:35 8.1 01:20 86 1010.8 3.0 5.0 22.5 12:20 S 31 10.7 14.7 14:20 7.3 23:30 92 1007.7 8.4 7.4 22.5 23:30 N-NO -------------------------------------------------------------------------------------------------------------- Avg: 6.5 15.3 26 -2.2 10 78 1013.9 46.2 8.5 49.9 28 NO Distribution WD Values 5459 Distribution WD N-NO 12.823% Distribution WD NO 16.981% Distribution WD NO-O 10.790% Distribution WD O 2.455% Distribution WD O-SO 2.894% Distribution WD SO 2.729% Distribution WD SO-S 4.799% Distribution WD S 6.375% Distribution WD S-SW 7.620% Distribution WD SW 12.328% Distribution WD SW-W 4.213% Distribution WD W 3.700% Distribution WD W-NW 0.916% Distribution WD NW 1.795% Distribution WD NW-N 2.729% Distribution WD N 6.851% Rain days >0.0 l/m² Month 17 Rain days >2.0 l/m² Month 9 Rain days >20.0 l/m² Month 0 Ice days max < 0°C 0 Cold days min <= 0°C 4 Cool days max < 10°C 14 Summer days max >=25°C 0 Hot days max >=30°C 0 Last year same Month: Ice days max < 0°C 0 Last year same Month: Cold days min <= 0°C 4 Last year same Month: Cool days max < 10°C 7 Last year same Month: Summer days max >=25°C 0 Last year same Month: Hot days max >=30°C 0 © 1999-2020 Werner Krenn - Wetterstation Bedien- und Auswertesoftware - V2.99.8.8