MONTHLY CLIMATOLOGICAL SUMMARY for Dezember 2016 CITY: Mannheim-Seckenheim ELEV: 96 m LAT: 49° 28' 7" LONG: 8° 33' 26" TEMPERATURE (°C), BAROMETER (hPa), RAIN (l/m²), WIND SPEED (km/h) MEAN TEMPERATURE WIND DOM DAY TEMP HIGH TIME LOW TIME HUM Baro Rain SPEED HIGH TIME DIR -------------------------------------------------------------------------------------------------------------- 1 2.8 5.9 13:40 -0.2 00:55 80 1027.9 0.0 3.7 11.3 06:10 SW 2 4.3 6.0 15:00 1.0 23:55 92 1022.2 0.8 2.9 11.3 08:25 SO 3 0.7 4.9 14:55 -2.4 23:55 87 1023.9 0.2 1.8 8.0 01:50 NO 4 -1.8 3.2 14:45 -5.6 08:15 87 1026.9 0.2 0.3 4.8 12:50 N-NO 5 -1.1 0.9 14:05 -4.4 03:20 92 1028.1 0.0 0.5 6.4 13:05 N-NO 6 -1.1 -0.1 00:00 -1.5 06:25 96 1032.1 0.0 1.1 6.4 04:00 NO 7 -0.6 0.2 17:10 -1.6 02:55 97 1035.0 0.0 1.5 9.7 23:55 O-NO 8 0.6 3.6 14:55 -1.3 07:30 93 1033.3 0.0 4.9 12.9 07:30 SO 9 5.0 8.2 20:15 0.6 00:25 81 1030.8 0.0 4.2 11.3 09:30 SO 10 5.6 9.2 14:50 2.8 08:00 79 1025.8 0.0 4.0 12.9 09:00 SO 11 6.9 10.3 14:05 3.4 02:35 85 1021.7 0.4 5.4 16.1 06:45 SW 12 6.3 7.8 00:05 1.7 23:55 92 1025.4 0.4 1.7 12.9 01:10 W-SW 13 2.0 4.2 23:45 0.1 02:35 96 1026.0 0.4 3.1 11.3 11:50 S 14 5.6 7.9 15:25 3.2 23:50 90 1024.8 0.0 2.0 9.7 02:45 S-SO 15 3.9 7.7 14:05 0.4 23:15 95 1026.1 0.0 0.2 6.4 14:50 S-SO 16 4.0 4.9 12:45 1.8 00:00 87 1030.1 0.0 3.1 14.5 06:45 O-SO 17 2.9 3.9 14:50 2.2 09:50 90 1037.3 0.0 1.8 9.7 11:05 O-SO 18 3.6 4.2 14:35 2.8 00:00 94 1035.0 0.0 1.3 8.0 09:40 O-SO 19 4.0 5.4 14:00 2.4 02:10 88 1027.3 0.0 2.7 14.5 11:55 O-NO 20 1.2 4.3 14:05 -1.8 08:25 86 1023.7 0.0 0.7 8.0 11:45 O-NO 21 0.5 1.0 19:15 -1.2 00:00 95 1029.5 0.0 3.7 12.9 03:30 S-SO 22 0.7 2.7 23:50 -0.4 04:55 96 1031.4 4.0 4.6 14.5 04:25 S-SO 23 4.2 5.5 23:35 2.6 00:00 97 1034.0 0.0 1.5 12.9 23:10 S-SO 24 7.0 8.3 13:55 5.4 00:05 91 1028.9 1.8 6.3 20.9 07:00 S-SO 25 8.5 9.5 13:20 7.6 01:15 86 1028.2 0.2 7.1 19.3 05:40 SW 26 7.5 10.2 13:40 3.4 23:55 90 1030.0 1.6 5.8 20.9 07:35 S-SO 27 3.0 5.4 15:40 0.3 07:15 92 1040.5 0.2 1.9 9.7 23:05 S-SO 28 3.4 5.9 15:05 0.5 08:45 90 1043.5 0.0 0.6 9.7 00:05 SO 29 1.4 6.5 15:05 -2.2 07:40 89 1039.5 0.2 0.2 4.8 11:40 N 30 -2.4 -0.9 13:05 -4.4 08:40 96 1038.3 0.0 0.9 4.8 09:55 S-SO 31 -3.1 -2.4 00:10 -3.5 05:40 97 1034.4 0.0 2.3 9.7 04:55 SO -------------------------------------------------------------------------------------------------------------- Avg: 2.8 10.3 11 -5.6 4 90 1030.4 10.4 2.6 20.9 24 S-SO Distribution WD Values 1372 Distribution WD N-NO 0.948% Distribution WD NO 2.551% Distribution WD NO-O 2.332% Distribution WD O 2.114% Distribution WD O-SO 5.394% Distribution WD SO 18.732% Distribution WD SO-S 32.143% Distribution WD S 9.402% Distribution WD S-SW 4.883% Distribution WD SW 15.671% Distribution WD SW-W 4.300% Distribution WD W 0.583% Distribution WD W-NW 0.146% Distribution WD NW 0.000% Distribution WD NW-N 0.219% Distribution WD N 0.583% Rain days >0.0 l/m² Month 12 Rain days >2.0 l/m² Month 1 Rain days >20.0 l/m² Month 0 Ice days max < 0°C 3 Cold days min <= 0°C 13 Cool days max < 10°C 29 Summer days max >=25°C 0 Hot days max >=30°C 0 Last year same Month: Ice days max < 0°C 0 Last year same Month: Cold days min <= 0°C 1 Last year same Month: Cool days max < 10°C 10 Last year same Month: Summer days max >=25°C 0 Last year same Month: Hot days max >=30°C 0 © 1999-2020 Werner Krenn - Wetterstation Bedien- und Auswertesoftware - V2.99.8.8