MONTHLY CLIMATOLOGICAL SUMMARY for August 2019 CITY: Mannheim-Seckenheim ELEV: 96 m LAT: 49° 28' 7" LONG: 8° 33' 26" TEMPERATURE (°C), BAROMETER (hPa), RAIN (l/m²), WIND SPEED (km/h) MEAN TEMPERATURE WIND DOM DAY TEMP HIGH TIME LOW TIME HUM Baro Rain SPEED HIGH TIME DIR -------------------------------------------------------------------------------------------------------------- 1 20.9 26.8 14:50 15.2 03:55 59 1015.9 0.0 1.4 11.3 13:55 NO 2 20.5 28.1 14:20 16.1 05:00 71 1013.2 0.6 1.8 14.5 17:05 NO 3 20.6 26.5 17:00 15.9 04:35 73 1014.0 0.2 3.8 16.1 12:50 N-NO 4 22.2 30.1 17:00 14.3 05:55 62 1014.1 0.0 1.6 9.7 16:35 NO 5 23.5 30.4 17:10 18.5 07:40 61 1010.5 2.8 3.2 16.1 13:35 W 6 22.8 27.0 17:10 19.1 21:25 72 1009.7 28.4 2.1 30.6 20:55 NO 7 19.6 21.7 15:35 17.8 23:40 93 1008.2 7.6 1.5 12.9 00:10 S-SO 8 21.7 27.7 17:30 17.3 01:40 78 1011.4 0.0 2.1 11.3 16:15 S 9 23.2 31.2 17:10 16.1 06:00 76 1008.7 7.6 2.2 12.9 14:00 S 10 22.9 27.3 15:45 18.6 23:55 73 1012.9 0.0 5.5 24.1 14:05 W-SW 11 20.5 27.8 15:00 15.8 19:50 72 1014.7 5.6 2.9 16.1 18:05 NO 12 18.0 23.9 16:45 14.8 04:30 81 1015.7 0.0 3.3 17.7 19:30 W-SW 13 17.6 22.2 16:15 13.3 06:20 70 1017.3 0.2 3.2 14.5 09:35 SW 14 18.3 23.8 18:05 14.2 06:35 70 1017.3 0.0 2.7 12.9 16:20 SW 15 19.2 24.6 15:50 15.9 06:20 72 1012.8 1.4 5.9 22.5 20:05 W-SW 16 19.9 25.2 17:30 15.0 07:10 69 1016.0 0.0 2.7 19.3 13:50 W-SW 17 19.5 23.3 15:10 17.6 03:30 79 1011.3 4.0 3.1 12.9 13:45 W 18 23.0 31.3 15:45 17.3 05:00 76 1007.8 1.2 5.9 22.5 19:30 W 19 21.8 26.7 15:40 16.9 07:20 65 1015.0 0.0 2.7 12.9 13:20 W-SW 20 17.6 19.3 16:15 15.0 06:40 74 1021.5 0.0 1.2 8.0 22:45 N 21 18.7 24.9 16:35 13.8 04:35 71 1026.0 0.0 2.7 12.9 14:45 SO 22 19.6 27.5 16:50 11.6 05:50 64 1023.7 0.0 1.7 12.9 15:15 O-NO 23 20.9 29.8 16:40 12.3 06:25 63 1022.5 0.0 2.0 14.5 14:00 O 24 22.2 30.5 17:20 14.1 06:15 67 1018.5 0.0 1.4 11.3 14:30 O-NO 25 23.9 31.7 17:15 17.2 05:10 68 1016.5 0.0 1.1 9.7 13:50 O 26 25.0 32.8 16:25 17.6 06:30 66 1015.7 0.0 1.5 11.3 14:30 N-NO 27 25.8 33.6 16:10 18.5 06:35 66 1013.9 0.0 1.7 12.9 17:00 O 28 26.1 33.6 16:05 22.2 05:40 60 1013.4 0.0 2.4 17.7 16:50 NO 29 25.3 31.2 13:50 20.9 07:20 66 1015.9 0.2 1.6 9.7 14:40 W-SW 30 24.2 31.3 16:15 18.1 06:45 67 1019.3 0.0 1.6 11.3 13:50 NO 31 25.3 33.7 16:45 17.3 06:45 60 1012.7 0.0 2.4 17.7 16:20 O-SO -------------------------------------------------------------------------------------------------------------- Avg: 21.6 33.7 31 11.6 22 70 1015.0 59.8 2.5 30.6 6 W-SW Distribution WD Values 1086 Distribution WD N-NO 8.195% Distribution WD NO 8.748% Distribution WD NO-O 5.064% Distribution WD O 6.538% Distribution WD O-SO 4.328% Distribution WD SO 4.880% Distribution WD SO-S 6.354% Distribution WD S 5.249% Distribution WD S-SW 3.407% Distribution WD SW 12.431% Distribution WD SW-W 17.495% Distribution WD W 13.536% Distribution WD W-NW 1.289% Distribution WD NW 0.645% Distribution WD NW-N 0.092% Distribution WD N 1.750% Rain days >0.0 l/m² Month 12 Rain days >2.0 l/m² Month 6 Rain days >20.0 l/m² Month 1 Ice days max < 0°C 0 Cold days min <= 0°C 0 Cool days max < 10°C 0 Summer days max >=25°C 23 Hot days max >=30°C 12 Last year same Month: Ice days max < 0°C 0 Last year same Month: Cold days min <= 0°C 0 Last year same Month: Cool days max < 10°C 0 Last year same Month: Summer days max >=25°C 24 Last year same Month: Hot days max >=30°C 17 © 1999-2020 Werner Krenn - Wetterstation Bedien- und Auswertesoftware - V2.99.8.8