MONTHLY CLIMATOLOGICAL SUMMARY for November 2019 CITY: Mannheim-Seckenheim ELEV: 96 m LAT: 49° 28' 7" LONG: 8° 33' 26" TEMPERATURE (°C), BAROMETER (hPa), RAIN (l/m²), WIND SPEED (km/h) MEAN TEMPERATURE WIND DOM DAY TEMP HIGH TIME LOW TIME HUM Baro Rain SPEED HIGH TIME DIR -------------------------------------------------------------------------------------------------------------- 1 9.2 11.9 23:40 4.9 00:05 91 1010.0 3.0 3.0 11.3 00:45 O-SO 2 13.8 16.5 12:45 11.9 00:05 94 995.2 9.6 4.3 16.1 13:55 W-SW 3 12.8 15.9 13:40 11.2 02:30 90 987.8 3.2 5.1 17.7 13:30 O-SO 4 11.2 13.3 15:10 9.8 22:40 91 991.6 6.8 5.0 25.7 13:30 W-SW 5 9.8 13.1 13:45 6.1 07:45 88 997.2 3.0 1.7 11.3 12:30 W 6 9.6 11.7 14:10 8.3 06:55 92 1002.1 0.8 2.2 12.9 10:40 W-SW 7 9.2 11.2 11:55 7.3 23:50 90 1001.7 0.4 3.8 14.5 11:15 SO 8 6.7 7.4 12:55 5.7 23:10 94 1005.0 11.8 0.9 11.3 15:30 NO 9 6.7 9.7 14:40 3.3 23:55 91 1009.0 1.0 1.5 12.9 13:55 W-SW 10 2.5 4.1 21:05 0.8 08:45 95 1012.1 0.2 0.7 6.4 13:00 N 11 3.2 4.7 23:30 2.1 07:35 93 1010.4 1.2 4.0 12.9 10:00 SO 12 6.3 10.2 11:55 3.8 03:15 88 1005.1 0.2 4.1 22.5 12:45 W 13 4.8 6.4 13:50 2.4 07:25 91 1003.5 0.0 1.6 11.3 15:30 W-SW 14 5.5 9.8 14:15 1.6 06:40 81 1001.5 0.2 1.4 12.9 10:50 O 15 4.6 6.9 14:55 2.7 08:00 87 999.7 0.0 0.8 8.0 11:00 O-NO 16 4.1 7.2 14:55 0.9 23:50 92 1008.3 0.0 0.9 9.7 11:00 S-SW 17 3.4 5.7 21:55 0.4 00:55 96 1006.4 1.8 1.3 8.0 10:35 N-NW 18 4.7 5.7 00:00 4.2 17:50 93 1007.8 0.0 5.4 17.7 14:10 W-SW 19 5.3 7.3 14:40 1.1 23:15 92 1016.4 0.8 1.0 16.1 00:30 W-SW 20 1.8 2.6 15:30 0.2 07:50 96 1016.1 0.2 0.3 6.4 14:25 N 21 1.9 4.6 15:10 -0.2 03:05 97 1009.7 0.0 0.0 4.8 11:15 N 22 2.4 5.8 15:25 0.1 00:35 97 1006.8 0.2 0.5 9.7 13:20 N-NO 23 4.3 9.6 15:00 0.6 03:35 95 998.3 0.0 0.1 4.8 12:40 N 24 4.4 7.3 15:00 2.5 08:55 96 1005.9 0.2 0.2 4.8 13:35 N 25 5.0 6.7 22:15 1.8 02:40 97 1009.8 0.2 0.1 4.8 15:30 N 26 9.0 11.8 15:00 5.8 02:40 94 1006.3 0.2 2.2 9.7 09:15 S 27 10.6 13.3 14:25 8.4 06:45 86 995.7 1.2 6.4 19.3 18:35 W 28 10.4 11.6 01:05 9.4 11:10 88 997.1 3.8 8.0 24.1 15:05 W-SW 29 7.3 10.1 00:00 3.8 19:10 88 1009.0 5.2 3.4 19.3 01:05 W-SW 30 4.1 7.4 15:25 1.3 20:05 88 1021.9 0.0 0.3 6.4 23:15 N -------------------------------------------------------------------------------------------------------------- Avg: 6.5 16.5 2 -0.2 21 92 1004.9 55.2 2.3 25.7 4 W-SW Distribution WD Values 878 Distribution WD N-NO 0.911% Distribution WD NO 0.683% Distribution WD NO-O 0.911% Distribution WD O 2.164% Distribution WD O-SO 5.353% Distribution WD SO 5.467% Distribution WD SO-S 10.820% Distribution WD S 9.681% Distribution WD S-SW 5.923% Distribution WD SW 12.187% Distribution WD SW-W 26.993% Distribution WD W 16.287% Distribution WD W-NW 0.569% Distribution WD NW 0.228% Distribution WD NW-N 0.342% Distribution WD N 1.481% Rain days >0.0 l/m² Month 23 Rain days >2.0 l/m² Month 8 Rain days >20.0 l/m² Month 0 Ice days max < 0°C 0 Cold days min <= 0°C 1 Cool days max < 10°C 18 Summer days max >=25°C 0 Hot days max >=30°C 0 Last year same Month: Ice days max < 0°C 0 Last year same Month: Cold days min <= 0°C 4 Last year same Month: Cool days max < 10°C 15 Last year same Month: Summer days max >=25°C 0 Last year same Month: Hot days max >=30°C 0 © 1999-2020 Werner Krenn - Wetterstation Bedien- und Auswertesoftware - V2.99.8.8