MONTHLY CLIMATOLOGICAL SUMMARY for Dezember   2022

CITY: Mannheim-Seckenheim    ELEV: 96 m  LAT: 49 28' 7"   LONG: 8 33' 26" 

    TEMPERATURE (C), BAROMETER (hPa), RAIN  (l/m), WIND SPEED (km/h)

        MEAN            TEMPERATURE                                              WIND                   DOM
 DAY    TEMP    HIGH   TIME     LOW   TIME     HUM       Baro      Rain    SPEED      HIGH   TIME       DIR
--------------------------------------------------------------------------------------------------------------
   1     4.9     5.9  00:05     3.7  23:55      85     1022.9       0.0      4.2      12.9  08:45         N
   2     3.5     4.1  10:55     2.7  20:40      93     1019.1       1.2      3.5      11.3  13:55         N
   3     3.5     4.9  12:25     1.4  08:45      89     1017.0       0.0      1.5      12.9  19:30         N
   4     3.2     4.0  11:35     2.6  02:55      90     1013.5       0.6      1.6      11.3  18:20      N-NO
   5     4.3     5.7  14:05     3.1  00:00      94     1017.5       0.4      1.3      14.5  14:10      O-NO
   6     4.8     5.8  14:35     4.1  23:50      91     1017.9       0.6      0.8      11.3  12:00         S
   7     4.5     6.6  13:30     3.3  04:30      89     1015.8       0.4      1.6      11.3  14:15      W-SW
   8     3.5     5.2  14:10     2.2  05:50      89     1009.3       0.0      1.8      11.3  14:20      S-SO
   9     1.9     4.1  13:05    -1.0  08:50      87     1004.2       0.0      2.6      12.9  11:55      N-NO
  10     0.9     3.4  13:45    -2.9  23:35      87     1008.1       0.0      4.0      16.1  13:25      N-NW
  11    -1.0     0.3  14:05    -3.4  01:35      92     1010.5       0.2      0.1       6.4  05:45         N
  12    -1.3     0.9  13:40    -4.8  23:50      89     1011.9       0.2      0.6       8.0  08:55      N-NW
  13    -3.1     0.1  14:10    -6.4  08:40      84     1009.2       0.0      0.5      14.5  23:55         N
  14    -1.1    -0.4  00:55    -2.9  22:55      86     1002.0       0.0      2.2      16.1  00:20      O-SO
  15    -2.8    -1.5  11:40    -4.7  08:50      91     1006.6       0.0      4.0      12.9  19:55      N-NW
  16    -3.5    -0.1  13:35    -6.1  07:55      86     1012.3       0.0      4.1      12.9  01:00      N-NW
  17    -6.8    -5.2  13:35    -9.0  07:25      93     1026.4       0.0      0.3       6.4  13:55         N
  18    -5.7    -2.9  13:15    -8.4  06:40      93     1029.3       0.0      0.3       6.4  13:35         N
  19     2.2     6.3  23:55    -3.7  00:00      88     1023.9       0.6      2.6      16.1  22:15      S-SO
  20     8.1     9.9  14:00     6.3  00:00      82     1016.9       1.6      2.4      14.5  07:45      S-SO
  21    10.0    11.8  14:50     8.2  02:15      95     1012.5       3.2      5.9      14.5  08:20      S-SO
  22    11.0    12.4  12:30    10.2  04:20      90     1007.3       3.8     10.5      30.6  12:50        SW
  23    11.4    13.3  19:35     9.6  06:10      95     1005.9       4.0      6.0      24.1  19:25      W-SW
  24    11.4    13.4  12:35    10.0  23:30      86     1014.3       0.0      4.4      24.1  02:10        SW
  25    11.1    13.8  14:40     9.8  01:45      89     1014.5       0.0      1.6      11.3  11:45         S
  26    10.8    12.3  06:55     6.4  23:50      87     1016.7       5.0      6.1      25.7  21:30      W-SW
  27     4.9     7.8  13:00     2.9  07:55      86     1026.9       0.0      3.2      19.3  00:50      S-SO
  28     7.2    10.0  14:00     3.6  00:45      83     1017.4       0.2      6.3      19.3  10:30      S-SO
  29    11.3    13.8  12:30     8.8  23:30      80     1010.1       0.0     10.1      30.6  11:15        SW
  30     8.5    12.7  23:55     5.3  07:40      90     1012.3       1.0      7.1      22.5  14:40      S-SO
  31    15.4    18.9  13:55    12.7  00:00      79     1014.3       0.0      7.3      20.9  00:20      S-SO
--------------------------------------------------------------------------------------------------------------
Avg:     4.3    18.9     31    -9.0     17      88     1014.4      23.0      3.5      30.6     22      S-SO


Distribution WD Values         1846
Distribution WD N-NO        5.309%
Distribution WD NO          2.221%
Distribution WD NO-O        2.925%
Distribution WD O           1.138%
Distribution WD O-SO        0.813%
Distribution WD SO          2.546%
Distribution WD SO-S       26.111%
Distribution WD S           9.697%
Distribution WD S-SW        4.280%
Distribution WD SW         12.676%
Distribution WD SW-W        9.317%
Distribution WD W           0.975%
Distribution WD W-NW        0.325%
Distribution WD NW          0.217%
Distribution WD NW-N       15.330%
Distribution WD N           6.121%

Rain days >0.0 l/m Month     15
Rain days >2.0 l/m Month     4
Rain days >20.0 l/m Month    0


Ice days    max <  0C      5
Cold days   min <= 0C     11
Cool days   max < 10C     21
Summer days max >=25C      0
Hot days    max >=30C      0

Last year same Month: Ice days    max <  0C      0
Last year same Month: Cold days   min <= 0C      3
Last year same Month: Cool days   max < 10C     21
Last year same Month: Summer days max >=25C      0
Last year same Month: Hot days    max >=30C      0

 1999-2022  Werner Krenn - Wetterstation Bedien- und Auswertesoftware - V2.99.9.0